{"id":2155,"date":"2024-08-27T17:48:36","date_gmt":"2024-08-27T20:48:36","guid":{"rendered":"https:\/\/espadadajo.com.br\/site\/?post_type=product&#038;p=2155"},"modified":"2024-08-30T14:59:12","modified_gmt":"2024-08-30T17:59:12","slug":"espada-turca-em-inox","status":"publish","type":"product","link":"https:\/\/espadadajo.com.br\/site\/produto\/espada-turca-em-inox\/","title":{"rendered":"Espada Turca em Inox"},"content":{"rendered":"<ul>\n<li>Espada Turca Dan\u00e7a do Ventre<\/li>\n<li>Produto Artesanal<\/li>\n<li>Ponto de Equil\u00edbrio Perfeito<\/li>\n<li>Feita em inox com Desenho feito manualmente<\/li>\n<li>Peso de 88grs<\/li>\n<li>Comprimento 80cm de curvatura de l\u00e2mina<\/li>\n<li>Cabo de 17cm cromado e em madeira Invernizada<br \/>\n(OBS: Cabo remov\u00edvel)<\/li>\n<\/ul>\n","protected":false},"excerpt":{"rendered":"<p>Eleg\u00e2ncia e precis\u00e3o em cada movimento. Nossa Espada Turca em Inox \u00e9 o equil\u00edbrio perfeito entre tradi\u00e7\u00e3o e durabilidade. Forjada artesanalmente, esta pe\u00e7a \u00e9 ideal para performances de Dan\u00e7a do Ventre, proporcionando fluidez e seguran\u00e7a ao dan\u00e7arino. Com acabamento impec\u00e1vel, \u00e9 resistente \u00e0 corros\u00e3o e oferece uma experi\u00eancia \u00fanica em cada apresenta\u00e7\u00e3o.<\/p>\n","protected":false},"featured_media":2199,"comment_status":"open","ping_status":"closed","template":"","meta":[],"product_cat":[46],"product_tag":[],"class_list":{"0":"post-2155","1":"product","2":"type-product","3":"status-publish","4":"has-post-thumbnail","6":"product_cat-espada-turca","8":"first","9":"instock","10":"shipping-taxable","11":"purchasable","12":"product-type-simple"},"_links":{"self":[{"href":"https:\/\/espadadajo.com.br\/site\/wp-json\/wp\/v2\/product\/2155","targetHints":{"allow":["GET"]}}],"collection":[{"href":"https:\/\/espadadajo.com.br\/site\/wp-json\/wp\/v2\/product"}],"about":[{"href":"https:\/\/espadadajo.com.br\/site\/wp-json\/wp\/v2\/types\/product"}],"replies":[{"embeddable":true,"href":"https:\/\/espadadajo.com.br\/site\/wp-json\/wp\/v2\/comments?post=2155"}],"wp:featuredmedia":[{"embeddable":true,"href":"https:\/\/espadadajo.com.br\/site\/wp-json\/wp\/v2\/media\/2199"}],"wp:attachment":[{"href":"https:\/\/espadadajo.com.br\/site\/wp-json\/wp\/v2\/media?parent=2155"}],"wp:term":[{"taxonomy":"product_cat","embeddable":true,"href":"https:\/\/espadadajo.com.br\/site\/wp-json\/wp\/v2\/product_cat?post=2155"},{"taxonomy":"product_tag","embeddable":true,"href":"https:\/\/espadadajo.com.br\/site\/wp-json\/wp\/v2\/product_tag?post=2155"}],"curies":[{"name":"wp","href":"https:\/\/api.w.org\/{rel}","templated":true}]}}