{"id":2168,"date":"2024-08-30T13:56:12","date_gmt":"2024-08-30T16:56:12","guid":{"rendered":"https:\/\/espadadajo.com.br\/site\/?post_type=product&#038;p=2168"},"modified":"2024-08-30T14:36:01","modified_gmt":"2024-08-30T17:36:01","slug":"espada-danca-do-ventre-gravada-a-mao","status":"publish","type":"product","link":"https:\/\/espadadajo.com.br\/site\/produto\/espada-danca-do-ventre-gravada-a-mao\/","title":{"rendered":"Espada Dan\u00e7a do Ventre Gravada a M\u00e3o"},"content":{"rendered":"<ul>\n<li>Espada para dan\u00e7a do ventre Produto Artesanal<\/li>\n<li>Produto Artesanal<\/li>\n<li>Ponto de Equil\u00edbrio Perfeito<\/li>\n<li>Feita em inox com Desenho feito manualmente<\/li>\n<\/ul>\n","protected":false},"excerpt":{"rendered":"<p>Uma obra-prima artesanal para performances inesquec\u00edveis. A Espada Dan\u00e7a do Ventre Gravada \u00e0 M\u00e3o \u00e9 meticulosamente trabalhada com detalhes \u00fanicos que refletem a tradi\u00e7\u00e3o e a beleza da dan\u00e7a. Cada grava\u00e7\u00e3o \u00e9 feita com precis\u00e3o, conferindo \u00e0 espada uma est\u00e9tica elegante e distinta. Ideal para dan\u00e7arinas que desejam incorporar arte e autenticidade em seus movimentos, esta pe\u00e7a oferece o equil\u00edbrio perfeito entre funcionalidade e design.<\/p>\n<p>&nbsp;<\/p>\n","protected":false},"featured_media":2185,"comment_status":"open","ping_status":"closed","template":"","meta":[],"product_cat":[48],"product_tag":[],"class_list":{"0":"post-2168","1":"product","2":"type-product","3":"status-publish","4":"has-post-thumbnail","6":"product_cat-espada","8":"first","9":"instock","10":"shipping-taxable","11":"purchasable","12":"product-type-simple"},"_links":{"self":[{"href":"https:\/\/espadadajo.com.br\/site\/wp-json\/wp\/v2\/product\/2168","targetHints":{"allow":["GET"]}}],"collection":[{"href":"https:\/\/espadadajo.com.br\/site\/wp-json\/wp\/v2\/product"}],"about":[{"href":"https:\/\/espadadajo.com.br\/site\/wp-json\/wp\/v2\/types\/product"}],"replies":[{"embeddable":true,"href":"https:\/\/espadadajo.com.br\/site\/wp-json\/wp\/v2\/comments?post=2168"}],"wp:featuredmedia":[{"embeddable":true,"href":"https:\/\/espadadajo.com.br\/site\/wp-json\/wp\/v2\/media\/2185"}],"wp:attachment":[{"href":"https:\/\/espadadajo.com.br\/site\/wp-json\/wp\/v2\/media?parent=2168"}],"wp:term":[{"taxonomy":"product_cat","embeddable":true,"href":"https:\/\/espadadajo.com.br\/site\/wp-json\/wp\/v2\/product_cat?post=2168"},{"taxonomy":"product_tag","embeddable":true,"href":"https:\/\/espadadajo.com.br\/site\/wp-json\/wp\/v2\/product_tag?post=2168"}],"curies":[{"name":"wp","href":"https:\/\/api.w.org\/{rel}","templated":true}]}}